the prime factors of 3039165769?
17, 563, 317539
What are the prime factors of 114765097?
107, 877, 1223
List the prime factors of 381375739.
17, 79, 199, 1427
What are the prime factors of 45312490?
2, 5, 4531249
What are the prime factors of 2373218996?
2, 593304749
What are the prime factors of 918081479?
7, 131154497
List the prime factors of 275428880.
2, 5, 71, 48491
What are the prime factors of 2809860311?
743, 3781777
What are the prime factors of 132657185?
5, 26531437
List the prime factors of 160330286.
2, 23, 3485441
List the prime factors of 5500584.
2, 3, 241, 317
What are the prime factors of 234206672?
2, 7, 298733
List the prime factors of 91368308.
2, 131, 174367
List the prime factors of 1402871126.
2, 701435563
What are the prime factors of 758773016?
2, 53, 1789559
List the prime factors of 109405975.
5, 7, 31, 43, 67
What are the prime factors of 142249386?
2, 3, 37, 103, 6221
List the prime factors of 19668530.
2, 5, 7, 280979
List the prime factors of 4430378345.
5, 71, 12479939
What are the prime factors of 258990559?
3371, 76829
List the prime factors of 214677320.
2, 5, 11, 13, 2887
List the prime factors of 5155615276.
2, 7, 184129117
What are the prime factors of 74573051?
7, 43, 35393
List the prime factors of 1191362962.
2, 1013, 588037
What are the prime factors of 997248200?
2, 5, 13, 383557
What are the prime factors of 1550566762?
2, 1049, 739069
List the prime factors of 39706074.
2, 3, 2205893
What are the prime factors of 33416558?
2, 7, 41, 58217
List the prime factors of 782736562.
2, 391368281
What are the prime factors of 32243427?
3, 132689
What are the prime factors of 372102746?
2, 186051373
List the prime factors of 67526613.
3, 7, 11, 97441
What are the prime factors of 370428118?
2, 185214059
What are the prime factors of 209631859?
191, 1097549
List the prime factors of 768872232.
2, 3, 1229, 8689
What are the prime factors of 24055415?
5, 241, 19963
What are the prime factors of 33779869?
337, 100237
List the prime factors of 1652784941.
1652784941
What are the prime factors of 15651065?
5, 113, 27701
What are the prime factors of 158702713?
13, 719, 16979
List the prime factors of 1578483764.
2, 11, 13, 41, 67307
What are the prime factors of 224085045?
3, 5, 3037, 4919
What are the prime factors of 45952820?
2, 5, 29, 79229
What are the prime factors of 1455353589?
3, 23, 41, 22367
What are the prime factors of 3991696569?
3, 7, 5171, 12253
What are the prime factors of 9191212132?
2, 71, 32363423
What are the prime factors of 121419219?
3, 17, 31, 61, 1259
What are the prime factors of 763337571?
3, 254445857
List the prime factors of 1246551160.
2, 5, 31163779
List the prime factors of 43010306.
2, 17, 29, 181, 241
List the prime factors of 96767217.
3, 398219
List the prime factors of 183119575.
5, 7324783
List the prime factors of 3756683346.
2, 3, 13, 907, 53101
List the prime factors of 3102600999.
3, 311, 3325403
What are the prime factors of 97012754?
2, 48506377
List the prime factors of 1547092873.
1547092873
What are the prime factors of 2094146774?
2, 67, 97, 367, 439
List the prime factors of 1279113898.
2, 17, 37620997
What are the prime factors of 187937472?
2, 3, 401, 2441
List the prime factors of 63788547.
3, 21262849
List the prime factors of 282644510.
2, 5, 227, 124513
List the prime factors of 342420763.
557, 614759
List the prime factors of 34730820.
2, 3, 5, 192949
What are the prime factors of 45994802?
2, 7, 23, 142841
List the prime factors of 1754433789.
3, 593, 986191
What are the prime factors of 87065735?
5, 17413147
What are the prime factors of 103715268?
2, 3, 8642939
List the prime factors of 121395179.
223, 544373
List the prime factors of 108553168.
2, 6784573
What are the prime factors of 1212555718?
2, 11, 19, 2900851
What are the prime factors of 315568353?
3, 105189451
What are the prime factors of 53092047?
3, 109, 229, 709
What are the prime factors of 1409276983?
26801, 52583
What are the prime factors of 382631172?
2, 3, 7, 11, 17, 24359
What are the prime factors of 173392645?
5, 34678529
What are the prime factors of 368405808?
2, 3, 7675121
What are the prime factors of 258419080?
2, 5, 6460477
What are the prime factors of 65853864?
2, 3, 304879
List the prime factors of 278609527.
7, 547, 72763
List the prime factors of 32929107.
3, 10976369
List the prime factors of 7124120495.
5, 59, 1627, 14843
List the prime factors of 3491973747.
3, 157, 274591
What are the prime factors of 141521914?
2, 29, 41, 59513
List the prime factors of 9962469.
3, 11, 103, 977
List the prime factors of 100481305.
5, 17, 1182133
List the prime factors of 172448136.
2, 3, 7, 17, 6709
List the prime factors of 40545838.
2, 20272919
List the prime factors of 2221224393.
3, 19, 577, 67537
What are the prime factors of 689252255?
5, 281, 490571
What are the prime factors of 59539873?
1879, 31687
What are the prime factors of 747651254?
2, 7, 19, 73, 139, 277
List the prime factors of 1381833289.
18521, 74609
What are the prime factors of 866795403?
3, 439, 658159
What are the prime factors of 5556900195?
3, 5, 7, 11, 31, 4703
What are the prime factors of 6307727?
23, 41, 6689
List the prime factors of 2124195512.
2, 265524439
List the prime factors of 887499160.
2, 5, 23, 281, 3433
List the prime factors of 783668776.
2, 11, 8905327
List the prime factors of 350058061.
83, 173, 24379
List the prime factors of 483162668.
2, 71, 1701277
What are the prime factors of 151551544?
2, 311, 60913
What are the prime factors of 530957230?
2, 5, 29, 1830887
What are the prime factors of 1851337726?
2, 7, 8563, 15443
List the prime factors of 6188901671.
6188901671
What are the prime factors of 435453275?
5, 83, 209857
List the prime factors of 379913624.
2, 131, 157, 2309
List the prime factors of 2002699551.
3, 4273, 156229
List the prime factors of 93666137.
93666137
List the prime factors of 1058739798.
2, 3, 2099, 84067
List the prime factors of 3983702.
2, 113, 17627
What are the prime factors of 1682145675?
3, 5, 7, 467, 2287
What are the prime factors of 84252516?
2, 3, 853, 8231
List the prime factors of 1427419449.
3, 52867387
What are the prime factors of 2617088627?
2617088627
What are the prime factors of 1565345189?
1565345189
List the prime factors of 1362365670.
2, 3, 5, 23, 1069, 1847
What are the prime factors of 1241960568?
2, 3, 17, 3044021
What are the prime factors of 849400153?
7, 587, 29531
List the prime factors of 218227270.
2, 5, 21822727
List the prime factors of 3815438426.
2, 1907719213
List the prime factors of 151504406.
2, 47, 1611749
List the prime factors of 41123098.
2, 20561549
What are the prime factors of 275293209?
3, 37, 2480119
What are the prime factors of 34509911?
1193, 28927
What are the prime factors of 212533858?
2, 79, 431, 3121
List the prime factors of 1991357207.
7, 229, 177467
List the prime factors of 78110599.
7, 23, 109, 4451
What are the prime factors of 5286086567?
5286086567
List the prime factors of 25562662.
2, 17, 31, 79, 307
What are the prime factors of 3884636?
2, 7, 17, 8161
What are the prime factors of 377543308?
2, 94385827
List the prime factors of 3691259.
11, 13, 83, 311
List the prime factors of 58046953.
58046953
List the prime factors of 744413069.
787, 945887
What are the prime factors of 361524705?
3, 5, 47, 193, 2657
What are the prime factors of 1916852322?
2, 3, 7, 11, 233, 17807
List the prime factors of 84443840.
2, 5, 13, 53, 383
What are the prime factors of 304650620?
2, 5, 653, 23327
What are the prime factors of 543952720?
2, 5, 97, 191, 367
List the prime factors of 275085516.
2, 3, 541, 42373
What are the prime factors of 417453571?
3797, 109943
What are the prime factors of 3951949651?
13, 303996127
List the prime factors of 1001526954.
2, 3, 166921159
List the prime factors of 53383635.
3, 5, 19, 29, 2153
What are the prime factors of 1603430088?
2, 3, 13, 395323
List the prime factors of 155863198.
2, 77931599
List the prime factors of 88739394.
2, 3, 37, 399727
What are the prime factors of 404309663?
23, 17578681
What are the prime factors of 49132066?
2, 73, 336521
What are the prime factors of 35896243?
61, 588463
List the prime factors of 1716277285.
5, 7841, 43777
List the prime